{"id":82,"date":"2016-12-26T14:56:28","date_gmt":"2016-12-26T13:56:28","guid":{"rendered":"http:\/\/la-croix-du-verre.com\/?page_id=82"},"modified":"2018-03-11T10:04:22","modified_gmt":"2018-03-11T09:04:22","slug":"le-saint-joseph","status":"publish","type":"page","link":"http:\/\/la-croix-du-verre.com\/index.php\/fr\/lexploitation-viticole\/le-saint-joseph\/","title":{"rendered":"Le Saint-Joseph"},"content":{"rendered":"<p><img decoding=\"async\" loading=\"lazy\" class=\"aligncenter wp-image-792 size-large\" src=\"http:\/\/la-croix-du-verre.com\/wp-content\/uploads\/2016\/12\/stjo_rge2_klimagestudio-1-684x1024.jpg\" alt=\"\" width=\"640\" height=\"958\" srcset=\"http:\/\/la-croix-du-verre.com\/wp-content\/uploads\/2016\/12\/stjo_rge2_klimagestudio-1-684x1024.jpg 684w, http:\/\/la-croix-du-verre.com\/wp-content\/uploads\/2016\/12\/stjo_rge2_klimagestudio-1-200x300.jpg 200w, http:\/\/la-croix-du-verre.com\/wp-content\/uploads\/2016\/12\/stjo_rge2_klimagestudio-1-768x1150.jpg 768w, http:\/\/la-croix-du-verre.com\/wp-content\/uploads\/2016\/12\/stjo_rge2_klimagestudio-1-180x270.jpg 180w\" sizes=\"(max-width: 640px) 100vw, 640px\" \/><\/p>\n<p>Le Saint-Joseph, appel\u00e9 autrefois \u00ab\u00a0Vin de Mauves\u00a0\u00bb, est \u00e9labor\u00e9 \u00e0 partir de Syrah.<\/p>\n<p>Le vignoble d&rsquo;A.O.C. Saint-Joseph est situ\u00e9 sur la rive droite du Rh\u00f4ne, sur des sols compos\u00e9s de schistes et de gneiss sur socle granitique. Les parcelles exploit\u00e9es par nos soins nichent sur les terrasses des communes de St-Jean-de-Muzols et de Tournon.<\/p>\n<p>La vendange \u00e9grapp\u00e9e subit une vinification en cuve ferm\u00e9e avec r\u00e9gulation des temp\u00e9ratures. La cuvaison minimale est de 21 jours. Le vin vieillit ensuite pendant 10 mois en f\u00fbts.<\/p>\n<p><em>Nos conseils :<\/em> ce vin s&rsquo;accorde avec les entr\u00e9es en sauce, les volailles, les magrets de canard, le gibier et les mets relev\u00e9s. La temp\u00e9rature id\u00e9ale de d\u00e9gustation est comprise entre 16\u00b0C et 18\u00b0C.<\/p>\n","protected":false},"excerpt":{"rendered":"<p>Le Saint-Joseph, appel\u00e9 autrefois \u00ab\u00a0Vin de Mauves\u00a0\u00bb, est \u00e9labor\u00e9 \u00e0 partir de Syrah. Le vignoble d&rsquo;A.O.C. Saint-Joseph est situ\u00e9 sur la rive droite du Rh\u00f4ne, sur des sols compos\u00e9s de schistes et de gneiss sur socle granitique. Les parcelles exploit\u00e9es par nos soins nichent sur les terrasses des communes de St-Jean-de-Muzols et de Tournon. La vendange \u00e9grapp\u00e9e subit une vinification en cuve ferm\u00e9e avec r\u00e9gulation des temp\u00e9ratures. La cuvaison minimale est de 21 jours. Le vin vieillit ensuite pendant 10&#8230;<\/p>\n<p class=\"read-more\"><a class=\"btn btn-default\" href=\"http:\/\/la-croix-du-verre.com\/index.php\/fr\/lexploitation-viticole\/le-saint-joseph\/\">Lire la suite<span class=\"screen-reader-text\"> Lire la suite<\/span><\/a><\/p>\n","protected":false},"author":1,"featured_media":0,"parent":57,"menu_order":0,"comment_status":"closed","ping_status":"closed","template":"","meta":{"footnotes":""},"_links":{"self":[{"href":"http:\/\/la-croix-du-verre.com\/index.php\/wp-json\/wp\/v2\/pages\/82"}],"collection":[{"href":"http:\/\/la-croix-du-verre.com\/index.php\/wp-json\/wp\/v2\/pages"}],"about":[{"href":"http:\/\/la-croix-du-verre.com\/index.php\/wp-json\/wp\/v2\/types\/page"}],"author":[{"embeddable":true,"href":"http:\/\/la-croix-du-verre.com\/index.php\/wp-json\/wp\/v2\/users\/1"}],"replies":[{"embeddable":true,"href":"http:\/\/la-croix-du-verre.com\/index.php\/wp-json\/wp\/v2\/comments?post=82"}],"version-history":[{"count":4,"href":"http:\/\/la-croix-du-verre.com\/index.php\/wp-json\/wp\/v2\/pages\/82\/revisions"}],"predecessor-version":[{"id":794,"href":"http:\/\/la-croix-du-verre.com\/index.php\/wp-json\/wp\/v2\/pages\/82\/revisions\/794"}],"up":[{"embeddable":true,"href":"http:\/\/la-croix-du-verre.com\/index.php\/wp-json\/wp\/v2\/pages\/57"}],"wp:attachment":[{"href":"http:\/\/la-croix-du-verre.com\/index.php\/wp-json\/wp\/v2\/media?parent=82"}],"curies":[{"name":"wp","href":"https:\/\/api.w.org\/{rel}","templated":true}]}}