{"id":86,"date":"2016-12-26T14:58:46","date_gmt":"2016-12-26T13:58:46","guid":{"rendered":"http:\/\/la-croix-du-verre.com\/?page_id=86"},"modified":"2016-12-27T15:09:54","modified_gmt":"2016-12-27T14:09:54","slug":"le-vin-de-pays","status":"publish","type":"page","link":"http:\/\/la-croix-du-verre.com\/index.php\/fr\/lexploitation-viticole\/le-vin-de-pays\/","title":{"rendered":"Le Vin de Pays"},"content":{"rendered":"<p><img decoding=\"async\" loading=\"lazy\" class=\"aligncenter wp-image-234 size-large\" src=\"http:\/\/la-croix-du-verre.com\/wp-content\/uploads\/2016\/12\/7-681x1024.jpg\" width=\"640\" height=\"962\" srcset=\"http:\/\/la-croix-du-verre.com\/wp-content\/uploads\/2016\/12\/7-681x1024.jpg 681w, http:\/\/la-croix-du-verre.com\/wp-content\/uploads\/2016\/12\/7-200x300.jpg 200w, http:\/\/la-croix-du-verre.com\/wp-content\/uploads\/2016\/12\/7-768x1154.jpg 768w, http:\/\/la-croix-du-verre.com\/wp-content\/uploads\/2016\/12\/7-180x270.jpg 180w\" sizes=\"(max-width: 640px) 100vw, 640px\" \/><\/p>\n<p>A base de\u00a0 Syrah uniquement, les parcelles se trouvent \u00e0 la limite de la zone d&rsquo;appellation Crozes-Hermitage.<\/p>\n<p>Notre vin de pays est d\u00e9clin\u00e9 en deux variantes :<\/p>\n<ul>\n<li>Un vin de pays l\u00e9ger et fruit\u00e9 \u00e0 boire tout les jours ou entre amis. Vendu en outres \u00e0 vin (Bags in Box).<\/li>\n<li>Un vin de pays vieilli en f\u00fbts, aux tanins l\u00e9gers et soyeux, \u00e0 la robe rubis, au nez exprimant parfaitement le c\u00e9page Syrah, m\u00e9lange de cassis et groseille. Un vin de plaisir imm\u00e9diat qui vous ravira lors de vos grillades et barbecues entre ami cet \u00e9t\u00e9. Ce vin est exclusivement vendu en bouteilles (disponible \u00e0 partir de mars 2007).<\/li>\n<\/ul>\n","protected":false},"excerpt":{"rendered":"<p>A base de\u00a0 Syrah uniquement, les parcelles se trouvent \u00e0 la limite de la zone d&rsquo;appellation Crozes-Hermitage. Notre vin de pays est d\u00e9clin\u00e9 en deux variantes : Un vin de pays l\u00e9ger et fruit\u00e9 \u00e0 boire tout les jours ou entre amis. Vendu en outres \u00e0 vin (Bags in Box). Un vin de pays vieilli en f\u00fbts, aux tanins l\u00e9gers et soyeux, \u00e0 la robe rubis, au nez exprimant parfaitement le c\u00e9page Syrah, m\u00e9lange de cassis et groseille. Un vin&#8230;<\/p>\n<p class=\"read-more\"><a class=\"btn btn-default\" href=\"http:\/\/la-croix-du-verre.com\/index.php\/fr\/lexploitation-viticole\/le-vin-de-pays\/\">Lire la suite<span class=\"screen-reader-text\"> Lire la suite<\/span><\/a><\/p>\n","protected":false},"author":1,"featured_media":0,"parent":57,"menu_order":0,"comment_status":"closed","ping_status":"closed","template":"","meta":{"footnotes":""},"_links":{"self":[{"href":"http:\/\/la-croix-du-verre.com\/index.php\/wp-json\/wp\/v2\/pages\/86"}],"collection":[{"href":"http:\/\/la-croix-du-verre.com\/index.php\/wp-json\/wp\/v2\/pages"}],"about":[{"href":"http:\/\/la-croix-du-verre.com\/index.php\/wp-json\/wp\/v2\/types\/page"}],"author":[{"embeddable":true,"href":"http:\/\/la-croix-du-verre.com\/index.php\/wp-json\/wp\/v2\/users\/1"}],"replies":[{"embeddable":true,"href":"http:\/\/la-croix-du-verre.com\/index.php\/wp-json\/wp\/v2\/comments?post=86"}],"version-history":[{"count":3,"href":"http:\/\/la-croix-du-verre.com\/index.php\/wp-json\/wp\/v2\/pages\/86\/revisions"}],"predecessor-version":[{"id":246,"href":"http:\/\/la-croix-du-verre.com\/index.php\/wp-json\/wp\/v2\/pages\/86\/revisions\/246"}],"up":[{"embeddable":true,"href":"http:\/\/la-croix-du-verre.com\/index.php\/wp-json\/wp\/v2\/pages\/57"}],"wp:attachment":[{"href":"http:\/\/la-croix-du-verre.com\/index.php\/wp-json\/wp\/v2\/media?parent=86"}],"curies":[{"name":"wp","href":"https:\/\/api.w.org\/{rel}","templated":true}]}}